 of 39162569?
39162569
What are the prime factors of 919857634?
2, 43, 131, 81649
What are the prime factors of 4331446268?
2, 167, 397, 16333
What are the prime factors of 771392069?
7, 1123, 98129
What are the prime factors of 46911950?
2, 5, 19, 23, 113
What are the prime factors of 1907758474?
2, 199, 4793363
What are the prime factors of 266337439?
277, 961507
What are the prime factors of 825575496?
2, 3, 34398979
What are the prime factors of 8005678?
2, 4002839
List the prime factors of 695367479.
31, 22431209
List the prime factors of 6632301.
3, 13, 173, 983
List the prime factors of 30177647.
30177647
What are the prime factors of 14038751?
14038751
What are the prime factors of 897366621?
3, 929, 321983
What are the prime factors of 22864444?
2, 601, 9511
What are the prime factors of 243115282?
2, 59, 101, 20399
List the prime factors of 108593878.
2, 54296939
What are the prime factors of 4408816301?
17159, 256939
List the prime factors of 1701590256.
2, 3, 47, 251417
List the prime factors of 692593526.
2, 23, 1259, 11959
What are the prime factors of 30827302?
2, 11, 43, 32587
List the prime factors of 62573906.
2, 17, 881, 2089
What are the prime factors of 117806996?
2, 3323, 8863
List the prime factors of 5400997269.
3, 1800332423
What are the prime factors of 485852269?
7, 317, 373, 587
What are the prime factors of 12800378?
2, 6400189
List the prime factors of 186820978.
2, 93410489
List the prime factors of 1015440456.
2, 3, 42310019
What are the prime factors of 3475013378?
2, 1737506689
List the prime factors of 2352655632.
2, 3, 383, 127973
List the prime factors of 504447585.
3, 5, 33629839
List the prime factors of 8389850229.
3, 932205581
List the prime factors of 677993519.
7, 96856217
List the prime factors of 91910487.
3, 30636829
What are the prime factors of 505350231?
3, 83, 271, 7489
What are the prime factors of 63193063?
17, 3717239
What are the prime factors of 5982049597?
47, 2371, 53681
What are the prime factors of 10885363?
37, 294199
What are the prime factors of 37391953?
277, 134989
List the prime factors of 133511155.
5, 26702231
List the prime factors of 40458749.
181, 223529
List the prime factors of 261692956.
2, 7, 229, 40813
What are the prime factors of 477341033?
13, 37, 992393
What are the prime factors of 90489763?
7, 13, 994393
What are the prime factors of 131441219?
7, 13, 53, 27253
List the prime factors of 4212491817.
3, 1404163939
List the prime factors of 156056268.
2, 3, 83, 156683
What are the prime factors of 7817083093?
6011, 1300463
List the prime factors of 861125011.
19, 103, 440023
List the prime factors of 2224342215.
3, 5, 107, 51329
What are the prime factors of 2120736818?
2, 83, 181, 70583
What are the prime factors of 476022948?
2, 3, 39668579
What are the prime factors of 120391354?
2, 29, 2075713
List the prime factors of 1911502920.
2, 3, 5, 15929191
List the prime factors of 890028094.
2, 445014047
What are the prime factors of 545428790?
2, 5, 227, 241, 997
What are the prime factors of 1238965318?
2, 29, 167, 127913
What are the prime factors of 29599415?
5, 59, 269, 373
What are the prime factors of 75085656?
2, 3, 151, 20719
List the prime factors of 325666551.
3, 7, 1721, 9011
List the prime factors of 1270814243.
17, 74753779
List the prime factors of 7604156491.
17, 37, 67, 180437
List the prime factors of 289889330.
2, 5, 53, 546961
List the prime factors of 180410579.
17, 10612387
List the prime factors of 98767121.
59, 821, 2039
List the prime factors of 291569207.
103, 1063, 2663
What are the prime factors of 4128607080?
2, 3, 5, 13, 17, 51893
What are the prime factors of 3494698556?
2, 873674639
List the prime factors of 32656088.
2, 29, 140759
List the prime factors of 3940655963.
109, 36152807
List the prime factors of 3471693316.
2, 7, 13, 163, 643
List the prime factors of 142140445.
5, 4231, 6719
What are the prime factors of 18361677?
3, 6120559
List the prime factors of 323941866.
2, 3, 53990311
What are the prime factors of 7910563?
37, 213799
What are the prime factors of 1684733966?
2, 17, 49550999
What are the prime factors of 320694865?
5, 23, 47, 59333
What are the prime factors of 387478723?
19, 23, 101, 8779
List the prime factors of 31178601.
3, 19, 2251
List the prime factors of 103626723.
3, 34542241
What are the prime factors of 247008319?
571, 432589
What are the prime factors of 1162416461?
41, 28351621
What are the prime factors of 1183411172?
2, 295852793
What are the prime factors of 582682365?
3, 5, 41, 313, 1009
What are the prime factors of 34150241?
997, 34253
What are the prime factors of 229657023?
3, 43, 593429
List the prime factors of 56963710.
2, 5, 19, 173, 1733
List the prime factors of 2147191652.
2, 22271, 24103
What are the prime factors of 224736109?
13, 29, 596117
List the prime factors of 670470970.
2, 5, 13, 2017, 2557
List the prime factors of 96365430.
2, 3, 5, 7, 67, 761
List the prime factors of 25159672.
2, 3144959
List the prime factors of 1780089602.
2, 890044801
What are the prime factors of 225473273?
1619, 139267
List the prime factors of 6166794.
2, 3, 1027799
List the prime factors of 52310433.
3, 7, 2490973
List the prime factors of 292970475.
3, 5, 7, 186013
What are the prime factors of 34733373?
3, 317, 36523
What are the prime factors of 4735154337?
3, 1578384779
What are the prime factors of 179330553?
3, 79, 252223
List the prime factors of 412714308.
2, 3, 34392859
List the prime factors of 2603679029.
7, 371954147
What are the prime factors of 18221334?
2, 3, 643, 4723
What are the prime factors of 1232913478?
2, 571, 1079609
What are the prime factors of 2117936063?
2117936063
What are the prime factors of 35576339?
35576339
What are the prime factors of 9846643?
9846643
List the prime factors of 120989542.
2, 223, 271277
What are the prime factors of 220130156?
2, 3391, 16229
What are the prime factors of 376914290?
2, 5, 37691429
List the prime factors of 297063186.
2, 3, 7, 1010419
What are the prime factors of 7459091?
127, 58733
What are the prime factors of 419514251?
13, 37, 619, 1409
What are the prime factors of 1274733977?
11, 115884907
What are the prime factors of 2550875463?
3, 397, 237977
List the prime factors of 61240200.
2, 3, 5, 7, 2083
List the prime factors of 812261730.
2, 3, 5, 7, 193, 409
What are the prime factors of 4688472615?
3, 5, 312564841
What are the prime factors of 841553166?
2, 3, 140258861
What are the prime factors of 4400443548?
2, 3, 19, 101, 63697
What are the prime factors of 3093340449?
3, 23, 281, 159541
What are the prime factors of 576996556?
2, 144249139
List the prime factors of 51593746.
2, 25796873
List the prime factors of 131947225.
5, 41, 109, 1181
List the prime factors of 2261712854.
2, 113, 1493, 6703
What are the prime factors of 1680848571?
3, 89, 6295313
List the prime factors of 1296525240.
2, 3, 5, 683, 5273
List the prime factors of 433315765.
5, 59, 563, 2609
What are the prime factors of 752985?
3, 5, 29, 577
List the prime factors of 8531243472.
2, 3, 6053, 29363
What are the prime factors of 411672134?
2, 205836067
What are the prime factors of 296749234?
2, 73, 2032529
List the prime factors of 16748932.
2, 4187233
List the prime factors of 992961880.
2, 5, 24824047
List the prime factors of 80989739.
23, 3521293
List the prime factors of 205762909.
11, 18705719
What are the prime factors of 339372079?
601, 564679
List the prime factors of 2512800932.
2, 29, 709, 30553
List the prime factors of 126375978.
2, 3, 21062663
List the prime factors of 266475332.
2, 23, 37, 78283
What are the prime factors of 93345728?
2, 7, 139, 1499
What are the prime factors of 2209039746?
2, 3, 479, 768629
List the prime factors of 6415040312.
2, 43, 18648373
What are the prime factors of 185061736?
2, 23132717
List the prime factors of 705477863.
10837, 65099
What are the prime factors of 1270249465?
5, 19, 313, 42719
List the prime factors of 9269772259.
11, 47, 17929927
List the prime factors of 2205086.
2, 13, 84811
What are the prime factors of 5805237890?
2, 5, 269, 2158081
What are the prime factors of 584713324?
2, 13, 11244487
List the prime factors of 3984934074.
2, 3, 11, 41, 73, 20173
List the prime factors of 836061467.
83606